the remainder when 197 is divided by 19/((-38)/(-6))*62?
11
Suppose -m = -5*m + 56. Let b(s) = -s**2 - 187*s - 854. What is the remainder when b(-5) is divided by m?
0
Let b(w) = 4*w**3 + w**2 - 52*w + 212. What is the remainder when b(4) is divided by 221?
55
Suppose 12 = -5*t - 8, -5*m + 1092 = -3*t. Calculate the remainder when 2/(-3*(-2)/m) is divided by 34.
4
Suppose -3*i = -i - 328. Let g = -316 - -349. Calculate the remainder when i is divided by g.
32
Let v = 286 - 190. Suppose -13*b + v = -7*b. What is the remainder when 573 is divided by b?
13
Calculate the remainder when 1227 is divided by (-10)/(-15) + 19/(-15) - (-12029)/115.
83
Suppose 294 = 4*y + 2*w, -2*y - 3*w + 368 = 3*y. Suppose -1099 = -27*c - 424. Calculate the remainder when y is divided by c.
23
Let c = 11699 - 11505. What is the remainder when 300 is divided by c?
106
Suppose -4 = -4*r, -9*c - 56 = -12*c - 8*r. What is the remainder when 83 is divided by c?
3
Suppose 2198 = 4*d + 2*l, 8*d - 2*l + 1647 = 11*d. What is the remainder when d is divided by 46?
45
Suppose -b - 21 = w - 6*b, 4*b - 32 = -3*w. Suppose w*x - 17 = 131. Let h = x - 33. What is the remainder when 13 is divided by h?
1
What is the remainder when 776 is divided by (-25)/75 - (188/(-10))/((-30)/(-50))?
1
Let o = -36 + 109. Let l(a) = a**2 - 29*a - 191. Let x(f) = 3*f**2 + 105*f - 73. Let p be x(-36). What is the remainder when o is divided by l(p)?
16
Suppose 699 - 791 = -5*z - 3*v, -2*z = 2*v - 32. Let t = 154 + -47. What is the remainder when t is divided by z?
19
Let j = -189 - -181. Let h(f) = 6*f + 59. Let g(n) = 7*n + 6. Calculate the remainder when g(8) is divided by h(j).
7
Let c be 4/(-8)*0/(-2). Let x(p) = p**2 + 5*p - 8. Let m be x(-6). What is the remainder when 123 is divided by 41 - ((1 - c) + m)?
39
Let r(c) be the first derivative of -c**2/2 + 37*c - 54. Calculate the remainder when 606 is divided by r(5).
30
Suppose 5*q + 14355 = 36*q - 22*q. What is the remainder when q is divided by 531?
2
Suppose -4*i = 0, 184 = 2*j - 4*i + i. Suppose 87*v - j*v = -15. Calculate the remainder when 18 is divided by v.
0
Let z = -1167 - -596. Let g = 595 + z. What is the remainder when 453 is divided by g?
21
Let s = 35253 + -34537. What is the remainder when s is divided by 190?
146
Let s(c) = c**2 - 30*c + 22. Let a(g) = 40*g**2 + 193*g - 5. Let p be a(-5). Calculate the remainder when 83 is divided by s(p).
17
Let j(w) = 102*w + 3381. What is the remainder when 126 is divided by j(-33)?
6
Let n = 238 + -231. Suppose 9*h = 13*h + 5*w - 21, 0 = -h - 3*w + n. What is the remainder when 93 is divided by h?
1
Calculate the remainder when 105 + 110/11 + 2 is divided by 10.
7
Suppose 6*f - 8*f = 4, 28 = 2*g + 4*f. Let v = 94 + 103. Calculate the remainder when v is divided by g.
17
Suppose -5*k = 5*g - 725 - 330, 0 = k - 4*g - 186. What is the remainder when k is divided by 21/(-14) + 780/24?
20
Suppose -4*o = 2 - 10. Suppose -9*h + 700 = -o*h. Calculate the remainder when h is divided by 17/(-4)*2*(-116)/29.
32
What is the remainder when 3226 is divided by (-11)/((-396)/8) - (-1060)/90?
10
Suppose -2*m = 4*j - 2382, m + 32 = 25. What is the remainder when j is divided by 114?
29
Let g be -19 - (5 + (3 - 11)). Let o = g + 27. What is the remainder when 87 is divided by o?
10
Let d(q) = -q - 7. Let x be d(-8). Let p = 35 - x. Let k = 44 - p. What is the remainder when 15 is divided by k?
5
Let d = 3586 + -3580. Calculate the remainder when 359 is divided by d.
5
Suppose -6*s + 2*s = -3*s. Suppose 2*a - 21 = -i - 4, s = 3*i - 9. Calculate the remainder when 20 is divided by a.
6
Suppose 0 = 2488*o - 2483*o - 900. What is the remainder when 2516 is divided by o?
176
What is the remainder when (-984)/(-5) + 1/5 is divided by 70 + 12/(-8)*6/(2 - -1)?
63
Suppose 1488*l = 1514*l - 5486. What is the remainder when 1472 is divided by l?
206
Suppose -77936 = -306*q - 18266. Calculate the remainder when 2727 is divided by q.
192
Calculate the remainder when (36421/(-2365))/(1/(-85)) is divided by 109.
1
Let o = -1968 + 2051. Calculate the remainder when 414 is divided by o.
82
Suppose -2*z + 124 - 82 = 0. Calculate the remainder when (1/2)/(4 + 1486/(-372)) is divided by z.
9
Suppose 2*i = -4*i + 96. Suppose 17*h - i*h = 12. What is the remainder when 85 is divided by 15 + (-50)/15 + (-8)/h?
8
Let b(v) = 7025*v - 13689. Let q(o) = o**2 - o - 2. What is the remainder when b(2) is divided by q(-5)?
25
Let p = -6082 + 6119. Calculate the remainder when 143 is divided by p.
32
Let d(m) = -m**3 + 67*m**2 - 67*m + 79. What is the remainder when 23 is divided by d(66)?
10
Suppose 0 = g - 32 - 81 - 198. Calculate the remainder when g is divided by 52.
51
Let c(l) = l**3 - 8*l**2 - 4*l + 2. Let v be c(10). Suppose i = 3*i - 2*b - v, -4*b - 166 = -2*i. Calculate the remainder when i is divided by 10.
9
Let a = -18 - -60. Suppose 5*s - 117 = -a. Let b(z) = 3*z**2 - 179*z + 1039. What is the remainder when b(6) is divided by s?
13
Let w(x) = x**2 + 35*x - 249. What is the remainder when w(9) is divided by 103?
44
Suppose -24 = 2*o - 72. Let t = -1639 + 1721. What is the remainder when t is divided by o?
10
Suppose 0 = 4*z + 3*z - 8092 + 3703. What is the remainder when z is divided by 88?
11
Let a(l) = -201*l + 1002. What is the remainder when a(3) is divided by 4?
3
Let o(t) = -t**3 - 28*t**2 - 30*t - 53. Let l be o(-27). Calculate the remainder when (69 - 0) + 0/2 is divided by ((-4)/7)/(l/(-686)).
13
Let z(y) = -145 - 92 - 18 - 88 + 8*y - 18. Calculate the remainder when 17 is divided by z(46).
3
Let q(h) = -5*h**3 - h**2. Let g be q(1). Let p be -1 + ((-305)/2 - g/(-4)). Let j = -123 - p. What is the remainder when j is divided by 18?
14
Let t(b) = -b**3 - 18*b**2 - 77*b - 375. What is the remainder when 3463 is divided by t(-15)?
103
Suppose -j + 191 = 2*z, -10*j - 585 = -13*j - 3*z. Calculate the remainder when 321 is divided by j.
122
Suppose 593 = -39*a + 38*a. Let c = a - -914. What is the remainder when c is divided by 30?
21
Suppose 0 = -l - 160 + 350. Let y = l - 116. What is the remainder when y is divided by 39?
35
Let o(m) = -m - 1 - 1 - 2*m + m. What is the remainder when 2561/(-788)*(4*1)/(-1) is divided by o(-3)?
1
What is the remainder when (50/55)/(-5*2/(-55)) - -297 is divided by 78?
68
Let p = -3 - -9. Let v(c) = 3*c - 15. Suppose 9*y = 5*y + 12. Calculate the remainder when v(p) is divided by y.
0
Let y(x) = x**3 + 8*x**2 - 12*x - 17. Let j be y(-9). Let t(z) = 10*z - 35. Calculate the remainder when 129 is divided by t(j).
64
Suppose -21*w = -23*w - 5*p + 6159, -3*w + 9225 = 3*p. Calculate the remainder when w is divided by 45.
12
Suppose -1059 = -12*f - 831. Calculate the remainder when 416 is divided by f.
17
Let l(n) = -300*n**3 - n**2 - 15*n - 30. Calculate the remainder when l(-2) is divided by 12.
8
Let f = 172 - 158. Calculate the remainder when 305 is divided by f.
11
Calculate the remainder when (0 - 12)/((-2)/3) is divided by 42/(-9 + -5) + (-41 - -50).
0
Let a = 25 - 4. Suppose -4*m + 3*n = -321, 5*m - 13*n + 9*n - 401 = 0. Calculate the remainder when m is divided by a.
18
Suppose 5*x = 3*g - 269, 14*g + 4*x - 544 = 684. Calculate the remainder when g is divided by 64.
24
Let y = -6 - -30. Let g = y - 5. Calculate the remainder when g is divided by (-324)/(-90) + (-1)/20*-8.
3
Let f(t) = 100*t - 19. Let z be f(2). Let s be 4/26 - 4808/(-13). Let o = s - z. What is the remainder when o is divided by 32?
29
Let l(d) = d**3 - 6*d**2 + 8*d - 5. Let q = -76 - 36. Let p = q + 117. Calculate the remainder when l(6) is divided by p.
3
Suppose -3*r + 87 = 4*s, -2*s + 0 = -6. Let x(w) = 27*w + 17. Let g be 1 + 21/(-15) + (-34)/(-10). What is the remainder when x(g) is divided by r?
23
Let k(q) = q**2 + 6*q - 18. Suppose -397 = -5*z + 2*d, -z + 4*d + 60 = -23. Let p = -63 + z. What is the remainder when p is divided by k(-9)?
7
Let m = -315 - -320. Suppose -5*u + 130 = m*x, x - 80 = 45*u - 48*u. Calculate the remainder when u is divided by 10.
7
Let y(f) = -f**2 - 15*f - 2. Let t = -234 - -344. Let n be 8/(-32) - t/8. What is the remainder when 33 is divided by y(n)?
9
Let c = -72 - -101. Suppose 0 = 2*j + 6*j - 32. Suppose -j*l = 4*q - 48, -5*q + 2*l = 3*l - 64. Calculate the remainder when c is d